{"id":50,"date":"2016-12-21T13:46:44","date_gmt":"2016-12-21T12:46:44","guid":{"rendered":"http:\/\/zeutelier.free.fr\/?page_id=50"},"modified":"2023-09-24T15:28:03","modified_gmt":"2023-09-24T13:28:03","slug":"contact","status":"publish","type":"page","link":"https:\/\/zeutelier.fr\/?page_id=50","title":{"rendered":"Contact"},"content":{"rendered":"\n<p>Vous d\u00e9sirez m&rsquo;envoyer un petit message pour une raison ou une autre ? cette page&nbsp;pourra vous le permettre facilement.<\/p>\n\n\n\n<p>Cependant, en r\u00e9digeant votre message (plein d&rsquo;amour, je n&rsquo;en doute pas) vous allez devoir faire attention \u00e0 ces&nbsp;quelques points importants :<\/p>\n\n\n\n<ul class=\"wp-block-list\">\n<li>Autant que possible, merci d&rsquo;\u00e9crire de mani\u00e8re intelligible et compr\u00e9hensible afin que je puisse appr\u00e9hender toute la saveur et la finesse de votre message.<\/li>\n\n\n\n<li>Pour la m\u00eame raison que pr\u00e9c\u00e9demment, attention \u00e0 l&rsquo;orthographe, le fran\u00e7ais est une langue tr\u00e8s belle donc merci d&rsquo;en faire une utilisation correcte.<\/li>\n\n\n\n<li>Si le contenu du site vous pla\u00eet, dites le. \u00c7a ne co\u00fbte rien et \u00e7a fait du bien.<\/li>\n\n\n\n<li>Si le contenu du site ne vous pla\u00eet pas, pas la peine de me le dire en des termes d\u00e9sagr\u00e9ables et agressifs. Pr\u00e9f\u00e9rez plut\u00f4t de rester constructif et expliquez moi POURQUOI vous n&rsquo;aimez pas.<\/li>\n\n\n\n<li>Si vous avez des id\u00e9es pour un projet ou des am\u00e9liorations du site, je suis tout ou\u00efe.<\/li>\n\n\n\n<li>J&rsquo;essaierai de vous r\u00e9pondre si votre message s&rsquo;y pr\u00eate. M\u00eame si il ne s&rsquo;y pr\u00eate pas, je vous r\u00e9pondrai quand m\u00eame &#8230; ou en tout cas j&rsquo;essaierai.<\/li>\n\n\n\n<li>Vous \u00eates G\u00c9NIAL(E) &#8230; ne me remerciez pas \u00e7a fait plaisir.<\/li>\n\n\n\n<li>Je n&rsquo;accepte pas non plus les demandes en mariage, mon c\u0153ur est d\u00e9j\u00e0 pris, d\u00e9sol\u00e9.<\/li>\n\n\n\n<li>Si vous avez lu jusqu&rsquo;ici sans sauter directement \u00e0 la suite, sp\u00e9cifiez le dans votre message, vous aurez toute mon admiration.<\/li>\n<\/ul>\n\n\n<div class=\"wpforms-container wpforms-container-full wpforms-block wpforms-block-683f6fd0-b5b6-4f01-a319-496308db8f9e wpforms-render-modern\" id=\"wpforms-5\"><form id=\"wpforms-form-5\" class=\"wpforms-validate wpforms-form wpforms-ajax-form\" data-formid=\"5\" method=\"post\" enctype=\"multipart\/form-data\" action=\"\/index.php?rest_route=%2Fwp%2Fv2%2Fpages%2F50\" data-token=\"161a4df7f3abe74c2d766831e914f03a\" data-token-time=\"1778993255\"><noscript class=\"wpforms-error-noscript\">Veuillez activer JavaScript dans votre navigateur pour remplir ce formulaire.<\/noscript><div id=\"wpforms-error-noscript\" style=\"display: none;\">Veuillez activer JavaScript dans votre navigateur pour remplir ce formulaire.<\/div><div class=\"wpforms-field-container\"><div id=\"wpforms-5-field_0-container\" class=\"wpforms-field wpforms-field-name\" data-field-id=\"0\"><fieldset><legend class=\"wpforms-field-label\">Nom <span class=\"wpforms-required-label\" aria-hidden=\"true\">*<\/span><\/legend><div class=\"wpforms-field-row wpforms-field-medium\"><div class=\"wpforms-field-row-block wpforms-first wpforms-one-half\"><input type=\"text\" id=\"wpforms-5-field_0\" class=\"wpforms-field-name-first wpforms-field-required\" name=\"wpforms[fields][0][first]\" aria-errormessage=\"wpforms-5-field_0-error\" required><label for=\"wpforms-5-field_0\" class=\"wpforms-field-sublabel after\">Pr\u00e9nom<\/label><\/div><div class=\"wpforms-field-row-block wpforms-one-half\"><input type=\"text\" id=\"wpforms-5-field_0-last\" class=\"wpforms-field-name-last wpforms-field-required\" name=\"wpforms[fields][0][last]\" aria-errormessage=\"wpforms-5-field_0-last-error\" required><label for=\"wpforms-5-field_0-last\" class=\"wpforms-field-sublabel after\">Nom<\/label><\/div><\/div><\/fieldset><\/div><div id=\"wpforms-5-field_1-container\" class=\"wpforms-field wpforms-field-email\" data-field-id=\"1\"><label class=\"wpforms-field-label\" for=\"wpforms-5-field_1\">E-mail <span class=\"wpforms-required-label\" aria-hidden=\"true\">*<\/span><\/label><input type=\"email\" id=\"wpforms-5-field_1\" class=\"wpforms-field-medium wpforms-field-required\" name=\"wpforms[fields][1]\" spellcheck=\"false\" aria-errormessage=\"wpforms-5-field_1-error\" required><\/div><div id=\"wpforms-5-field_2-container\" class=\"wpforms-field wpforms-field-textarea\" data-field-id=\"2\"><label class=\"wpforms-field-label\" for=\"wpforms-5-field_2\">Commentaire ou message<\/label><textarea id=\"wpforms-5-field_2\" class=\"wpforms-field-medium\" name=\"wpforms[fields][2]\" aria-errormessage=\"wpforms-5-field_2-error\" ><\/textarea><\/div><\/div><!-- .wpforms-field-container --><div class=\"wpforms-recaptcha-container wpforms-is-recaptcha wpforms-is-recaptcha-type-v3\" ><input type=\"hidden\" name=\"wpforms[recaptcha]\" value=\"\"><\/div><div class=\"wpforms-submit-container\" ><input type=\"hidden\" name=\"wpforms[id]\" value=\"5\"><input type=\"hidden\" name=\"page_title\" value=\"\"><input type=\"hidden\" name=\"page_url\" value=\"https:\/\/zeutelier.fr\/index.php?rest_route=\/wp\/v2\/pages\/50\"><input type=\"hidden\" name=\"url_referer\" value=\"\"><button type=\"submit\" name=\"wpforms[submit]\" id=\"wpforms-submit-5\" class=\"wpforms-submit\" data-alt-text=\"Envoi...\" data-submit-text=\"Envoyer\" aria-live=\"assertive\" value=\"wpforms-submit\">Envoyer<\/button><img loading=\"lazy\" decoding=\"async\" src=\"https:\/\/zeutelier.fr\/wp-content\/plugins\/wpforms-lite\/assets\/images\/submit-spin.svg\" class=\"wpforms-submit-spinner\" style=\"display: none;\" width=\"26\" height=\"26\" alt=\"Chargement en cours\"><\/div><\/form><\/div>  <!-- .wpforms-container -->","protected":false},"excerpt":{"rendered":"<p>Vous d\u00e9sirez m&rsquo;envoyer un petit message pour une raison ou une autre ? cette page&nbsp;pourra vous le permettre facilement. Cependant, en r\u00e9digeant votre message (plein [&#8230;]<\/p>\n","protected":false},"author":1,"featured_media":0,"parent":0,"menu_order":0,"comment_status":"closed","ping_status":"closed","template":"","meta":{"footnotes":""},"class_list":["post-50","page","type-page","status-publish","hentry"],"yoast_head":"<!-- This site is optimized with the Yoast SEO plugin v27.6 - https:\/\/yoast.com\/product\/yoast-seo-wordpress\/ -->\n<title>Contact - Zeutelier<\/title>\n<meta name=\"description\" content=\"Si vous voulez m&#039;envoyer un mot doux, message d&#039;insulte oud &#039;amour, c&#039;est depuis cette page qu&#039;il faudra le faire ... et j&#039;essaierai de vous r\u00e9pondre\" \/>\n<meta name=\"robots\" content=\"index, follow, max-snippet:-1, max-image-preview:large, max-video-preview:-1\" \/>\n<link rel=\"canonical\" href=\"https:\/\/zeutelier.fr\/?page_id=50\" \/>\n<meta property=\"og:locale\" content=\"fr_FR\" \/>\n<meta property=\"og:type\" content=\"article\" \/>\n<meta property=\"og:title\" content=\"Contact - Zeutelier\" \/>\n<meta property=\"og:description\" content=\"Si vous voulez m&#039;envoyer un mot doux, message d&#039;insulte oud &#039;amour, c&#039;est depuis cette page qu&#039;il faudra le faire ... et j&#039;essaierai de vous r\u00e9pondre\" \/>\n<meta property=\"og:url\" content=\"https:\/\/zeutelier.fr\/?page_id=50\" \/>\n<meta property=\"og:site_name\" content=\"Zeutelier\" \/>\n<meta property=\"article:publisher\" content=\"https:\/\/www.facebook.com\/zeutelier\/\" \/>\n<meta property=\"article:modified_time\" content=\"2023-09-24T13:28:03+00:00\" \/>\n<meta property=\"og:image\" content=\"https:\/\/zeutelier.fr\/wp-content\/uploads\/2023\/09\/logo3.jpg\" \/>\n\t<meta property=\"og:image:width\" content=\"400\" \/>\n\t<meta property=\"og:image:height\" content=\"400\" \/>\n\t<meta property=\"og:image:type\" content=\"image\/jpeg\" \/>\n<meta name=\"twitter:card\" content=\"summary_large_image\" \/>\n<meta name=\"twitter:label1\" content=\"Dur\u00e9e de lecture estim\u00e9e\" \/>\n\t<meta name=\"twitter:data1\" content=\"2 minutes\" \/>\n<script type=\"application\/ld+json\" class=\"yoast-schema-graph\">{\"@context\":\"https:\\\/\\\/schema.org\",\"@graph\":[{\"@type\":\"WebPage\",\"@id\":\"https:\\\/\\\/zeutelier.fr\\\/?page_id=50\",\"url\":\"https:\\\/\\\/zeutelier.fr\\\/?page_id=50\",\"name\":\"Contact - Zeutelier\",\"isPartOf\":{\"@id\":\"https:\\\/\\\/zeutelier.fr\\\/#website\"},\"datePublished\":\"2016-12-21T12:46:44+00:00\",\"dateModified\":\"2023-09-24T13:28:03+00:00\",\"description\":\"Si vous voulez m'envoyer un mot doux, message d'insulte oud 'amour, c'est depuis cette page qu'il faudra le faire ... et j'essaierai de vous r\u00e9pondre\",\"breadcrumb\":{\"@id\":\"https:\\\/\\\/zeutelier.fr\\\/?page_id=50#breadcrumb\"},\"inLanguage\":\"fr-FR\",\"potentialAction\":[{\"@type\":\"ReadAction\",\"target\":[\"https:\\\/\\\/zeutelier.fr\\\/?page_id=50\"]}]},{\"@type\":\"BreadcrumbList\",\"@id\":\"https:\\\/\\\/zeutelier.fr\\\/?page_id=50#breadcrumb\",\"itemListElement\":[{\"@type\":\"ListItem\",\"position\":1,\"name\":\"Accueil\",\"item\":\"https:\\\/\\\/zeutelier.fr\\\/\"},{\"@type\":\"ListItem\",\"position\":2,\"name\":\"Contact\"}]},{\"@type\":\"WebSite\",\"@id\":\"https:\\\/\\\/zeutelier.fr\\\/#website\",\"url\":\"https:\\\/\\\/zeutelier.fr\\\/\",\"name\":\"Zeutelier\",\"description\":\"L&#039;art de fabriquer des trucs avec n&#039;importe quoi\",\"publisher\":{\"@id\":\"https:\\\/\\\/zeutelier.fr\\\/#organization\"},\"alternateName\":\"Zeu'telier\",\"potentialAction\":[{\"@type\":\"SearchAction\",\"target\":{\"@type\":\"EntryPoint\",\"urlTemplate\":\"https:\\\/\\\/zeutelier.fr\\\/?s={search_term_string}\"},\"query-input\":{\"@type\":\"PropertyValueSpecification\",\"valueRequired\":true,\"valueName\":\"search_term_string\"}}],\"inLanguage\":\"fr-FR\"},{\"@type\":\"Organization\",\"@id\":\"https:\\\/\\\/zeutelier.fr\\\/#organization\",\"name\":\"zeutelier\",\"url\":\"https:\\\/\\\/zeutelier.fr\\\/\",\"logo\":{\"@type\":\"ImageObject\",\"inLanguage\":\"fr-FR\",\"@id\":\"https:\\\/\\\/zeutelier.fr\\\/#\\\/schema\\\/logo\\\/image\\\/\",\"url\":\"https:\\\/\\\/zeutelier.fr\\\/wp-content\\\/uploads\\\/2023\\\/09\\\/logo2.jpg\",\"contentUrl\":\"https:\\\/\\\/zeutelier.fr\\\/wp-content\\\/uploads\\\/2023\\\/09\\\/logo2.jpg\",\"width\":800,\"height\":800,\"caption\":\"zeutelier\"},\"image\":{\"@id\":\"https:\\\/\\\/zeutelier.fr\\\/#\\\/schema\\\/logo\\\/image\\\/\"},\"sameAs\":[\"https:\\\/\\\/www.facebook.com\\\/zeutelier\\\/\",\"https:\\\/\\\/www.pinterest.fr\\\/zeutelier\\\/\"]}]}<\/script>\n<!-- \/ Yoast SEO plugin. -->","yoast_head_json":{"title":"Contact - Zeutelier","description":"Si vous voulez m'envoyer un mot doux, message d'insulte oud 'amour, c'est depuis cette page qu'il faudra le faire ... et j'essaierai de vous r\u00e9pondre","robots":{"index":"index","follow":"follow","max-snippet":"max-snippet:-1","max-image-preview":"max-image-preview:large","max-video-preview":"max-video-preview:-1"},"canonical":"https:\/\/zeutelier.fr\/?page_id=50","og_locale":"fr_FR","og_type":"article","og_title":"Contact - Zeutelier","og_description":"Si vous voulez m'envoyer un mot doux, message d'insulte oud 'amour, c'est depuis cette page qu'il faudra le faire ... et j'essaierai de vous r\u00e9pondre","og_url":"https:\/\/zeutelier.fr\/?page_id=50","og_site_name":"Zeutelier","article_publisher":"https:\/\/www.facebook.com\/zeutelier\/","article_modified_time":"2023-09-24T13:28:03+00:00","og_image":[{"width":400,"height":400,"url":"https:\/\/zeutelier.fr\/wp-content\/uploads\/2023\/09\/logo3.jpg","type":"image\/jpeg"}],"twitter_card":"summary_large_image","twitter_misc":{"Dur\u00e9e de lecture estim\u00e9e":"2 minutes"},"schema":{"@context":"https:\/\/schema.org","@graph":[{"@type":"WebPage","@id":"https:\/\/zeutelier.fr\/?page_id=50","url":"https:\/\/zeutelier.fr\/?page_id=50","name":"Contact - Zeutelier","isPartOf":{"@id":"https:\/\/zeutelier.fr\/#website"},"datePublished":"2016-12-21T12:46:44+00:00","dateModified":"2023-09-24T13:28:03+00:00","description":"Si vous voulez m'envoyer un mot doux, message d'insulte oud 'amour, c'est depuis cette page qu'il faudra le faire ... et j'essaierai de vous r\u00e9pondre","breadcrumb":{"@id":"https:\/\/zeutelier.fr\/?page_id=50#breadcrumb"},"inLanguage":"fr-FR","potentialAction":[{"@type":"ReadAction","target":["https:\/\/zeutelier.fr\/?page_id=50"]}]},{"@type":"BreadcrumbList","@id":"https:\/\/zeutelier.fr\/?page_id=50#breadcrumb","itemListElement":[{"@type":"ListItem","position":1,"name":"Accueil","item":"https:\/\/zeutelier.fr\/"},{"@type":"ListItem","position":2,"name":"Contact"}]},{"@type":"WebSite","@id":"https:\/\/zeutelier.fr\/#website","url":"https:\/\/zeutelier.fr\/","name":"Zeutelier","description":"L&#039;art de fabriquer des trucs avec n&#039;importe quoi","publisher":{"@id":"https:\/\/zeutelier.fr\/#organization"},"alternateName":"Zeu'telier","potentialAction":[{"@type":"SearchAction","target":{"@type":"EntryPoint","urlTemplate":"https:\/\/zeutelier.fr\/?s={search_term_string}"},"query-input":{"@type":"PropertyValueSpecification","valueRequired":true,"valueName":"search_term_string"}}],"inLanguage":"fr-FR"},{"@type":"Organization","@id":"https:\/\/zeutelier.fr\/#organization","name":"zeutelier","url":"https:\/\/zeutelier.fr\/","logo":{"@type":"ImageObject","inLanguage":"fr-FR","@id":"https:\/\/zeutelier.fr\/#\/schema\/logo\/image\/","url":"https:\/\/zeutelier.fr\/wp-content\/uploads\/2023\/09\/logo2.jpg","contentUrl":"https:\/\/zeutelier.fr\/wp-content\/uploads\/2023\/09\/logo2.jpg","width":800,"height":800,"caption":"zeutelier"},"image":{"@id":"https:\/\/zeutelier.fr\/#\/schema\/logo\/image\/"},"sameAs":["https:\/\/www.facebook.com\/zeutelier\/","https:\/\/www.pinterest.fr\/zeutelier\/"]}]}},"_links":{"self":[{"href":"https:\/\/zeutelier.fr\/index.php?rest_route=\/wp\/v2\/pages\/50","targetHints":{"allow":["GET"]}}],"collection":[{"href":"https:\/\/zeutelier.fr\/index.php?rest_route=\/wp\/v2\/pages"}],"about":[{"href":"https:\/\/zeutelier.fr\/index.php?rest_route=\/wp\/v2\/types\/page"}],"author":[{"embeddable":true,"href":"https:\/\/zeutelier.fr\/index.php?rest_route=\/wp\/v2\/users\/1"}],"replies":[{"embeddable":true,"href":"https:\/\/zeutelier.fr\/index.php?rest_route=%2Fwp%2Fv2%2Fcomments&post=50"}],"version-history":[{"count":3,"href":"https:\/\/zeutelier.fr\/index.php?rest_route=\/wp\/v2\/pages\/50\/revisions"}],"predecessor-version":[{"id":6490,"href":"https:\/\/zeutelier.fr\/index.php?rest_route=\/wp\/v2\/pages\/50\/revisions\/6490"}],"wp:attachment":[{"href":"https:\/\/zeutelier.fr\/index.php?rest_route=%2Fwp%2Fv2%2Fmedia&parent=50"}],"curies":[{"name":"wp","href":"https:\/\/api.w.org\/{rel}","templated":true}]}}